{"id":882,"date":"2017-10-03T08:14:57","date_gmt":"2017-10-03T11:14:57","guid":{"rendered":"https:\/\/velikorodnov.com\/dev\/owlhouse\/?page_id=882"},"modified":"2022-02-09T14:18:30","modified_gmt":"2022-02-09T17:18:30","slug":"home","status":"publish","type":"page","link":"https:\/\/www.escolabaronesa.com.br\/site\/","title":{"rendered":"Home"},"content":{"rendered":"<p>[vc_row full_width=&#8221;stretch_row_content_no_spaces&#8221;][vc_column][vc_single_image image=&#8221;3799&#8243; img_size=&#8221;full&#8221; alignment=&#8221;center&#8221;][vc_empty_space][\/vc_column][\/vc_row][vc_row][vc_column][vc_column_text][\/vc_column_text][\/vc_column][\/vc_row][vc_row css=&#8221;.vc_custom_1617664259275{margin-top: 0px !important;margin-bottom: 0px !important;padding-top: 0px !important;padding-bottom: 0px !important;}&#8221; el_class=&#8221;https:\/\/www.escolabaronesa.com.br\/site\/proposta-pedagogica\/&#8221;][vc_column css=&#8221;.vc_custom_1612209589962{margin-top: -100px !important;}&#8221; el_class=&#8221;https:\/\/www.escolabaronesa.com.br\/site\/proposta-pedagogica\/&#8221;][vc_mad_welcome_list values=&#8221;%5B%7B%22image%22%3A%223607%22%2C%22label%22%3A%22Proposta%20Pedag%C3%B3gica%22%2C%22link%22%3A%22url%3Ahttp%253A%252F%252Fwww.escolabaronesa.com.br%252Fsite%252Fproposta-pedagogica%252F%7Ctitle%3ASaiba%2520%252B%7C%7C%22%2C%22value%22%3A%22A%20linha%20metodol%C3%B3gica%20seguida%20pela%20Baronesa%20%C3%A9%20a%20Metodologia%20de%20Ensino%20Sociointeracionista%2C%20tendo%20como%20embasamento%20te%C3%B3rico%20as%20ideias%20de%20Piaget%2C%20Vygotsky%20e%20Wallon.%22%2C%22bg_color%22%3A%22%23ffbd0a%22%2C%22icon%22%3A%22licon-baby-bottle%22%7D%2C%7B%22image%22%3A%223700%22%2C%22label%22%3A%22Programa%20Bil%C3%ADngue%22%2C%22link%22%3A%22url%3Ahttp%253A%252F%252Fwww.escolabaronesa.com.br%252Fsite%252Fprograma-bilingue%252F%7Ctitle%3ASaiba%2520%252B%22%2C%22value%22%3A%22Aulas%20de%20Ingl%C3%AAs%20todos%20os%20dias!%22%2C%22bg_color%22%3A%22%23f05a21%22%2C%22icon_color%22%3A%22%23ee511e%22%2C%22icon%22%3A%22licon-graduation-hat%22%7D%5D&#8221;][vc_mad_welcome_list values=&#8221;%5B%7B%22image%22%3A%223617%22%2C%22label%22%3A%22Educa%C3%A7%C3%A3o%20Ambiental%22%2C%22link%22%3A%22url%3Ahttp%253A%252F%252Fwww.escolabaronesa.com.br%252Fsite%252Feducacao-ambiental%252F%7Ctitle%3ASaiba%2520%252B%7C%7C%22%2C%22value%22%3A%22Nosso%20projeto%20ensina%20desde%20cedo%20o%20passo%20a%20passo%20para%20que%20as%20crian%C3%A7as%20se%20tornem%20cidad%C3%A3os%20focados%20na%20preserva%C3%A7%C3%A3o%20ambiental.%22%2C%22bg_color%22%3A%22%23a6c437%22%2C%22icon_color%22%3A%22%239bbc31%22%2C%22icon%22%3A%22licon-platter%22%7D%2C%7B%22image%22%3A%223769%22%2C%22label%22%3A%22Baronesa%20Baby%22%2C%22link%22%3A%22url%3Ahttp%253A%252F%252Fwww.escolabaronesa.com.br%252Fsite%252Fbercario%252F%7Ctitle%3ASaiba%2520%252B%22%2C%22value%22%3A%22Nosso%20Ber%C3%A7%C3%A1rio%20possui%20um%20espa%C3%A7o%20exclusivo%20para%20o%20desenvolvimento%20dos%20beb%C3%AAs.%22%2C%22bg_color%22%3A%22%230da9dd%22%2C%22icon_color%22%3A%22%230da9dd%22%2C%22icon%22%3A%22licon-graduation-hat%22%7D%5D&#8221;][\/vc_column][\/vc_row][vc_row css=&#8221;.vc_custom_1511011361412{padding-top: 90px !important;padding-bottom: 70px !important;}&#8221;][vc_column width=&#8221;1\/2&#8243; offset=&#8221;vc_col-lg-8 vc_col-md-12 vc_col-xs-12&#8243;][vc_column_text css=&#8221;.vc_custom_1617659404812{margin-bottom: 25px !important;padding-bottom: 0px !important;}&#8221;]<\/p>\n<h2>Hist\u00f3ria<\/h2>\n<p>[\/vc_column_text][vc_column_text css=&#8221;.vc_custom_1617659462108{margin-bottom: 50px !important;padding-bottom: 0px !important;}&#8221;]&#8221;Eu sou Rosemaria Zardo, diretora e mantenedora da Escola Recanto Infantil Baronesa, tenho imenso prazer em receb\u00ea-lo em nosso site e agrade\u00e7o a sua visita.<br \/>\n\u00c9 com grande emo\u00e7\u00e3o que revivo a hist\u00f3ria da Baronesa, escola que me faz acreditar que educar est\u00e1 muito al\u00e9m dos conhecimentos t\u00e9cnicos adquiridos ao longo de um curso de pedagogia.&#8221;<\/p>\n<p><a href=\"https:\/\/www.escolabaronesa.com.br\/site\/escola-baronesa\/\"><span style=\"color: #a6c437;\">SAIBA +<\/span><\/a>[\/vc_column_text][\/vc_column][vc_column width=&#8221;1\/2&#8243; offset=&#8221;vc_col-lg-4 vc_col-md-12 vc_col-xs-12&#8243;][vc_mad_testimonials tag_title=&#8221;h2&#8243; autoplay=&#8221;yes&#8221; autoplaytimeout=&#8221;3000&#8243; items=&#8221;1&#8243; css_animation=&#8221;fadeInUp&#8221; title=&#8221;Avalia\u00e7\u00f5es&#8221;][\/vc_column][\/vc_row][vc_row full_width=&#8221;stretch_row&#8221; parallax=&#8221;content-moving&#8221; parallax_image=&#8221;415&#8243; css=&#8221;.vc_custom_1528102747667{padding-top: 90px !important;padding-bottom: 70px !important;}&#8221;][vc_column][vc_mad_info_block tag_title=&#8221;h2&#8243; title_align=&#8221;align-center&#8221; description_align=&#8221;align-center&#8221; columns=&#8221;3&#8243; font_container_title=&#8221;tag:h2|text_align:left|color:%23ffffff&#8221; font_container_description=&#8221;text_align:center|color:%23ffffff&#8221; title=&#8221;Escola Baronesa&#8221; description=&#8221;Para as crian\u00e7as, a melhor escola! Para os pais, a melhor escolha!&#8221; title_color=&#8221;#ffffff&#8221; description_color=&#8221;#ffffff&#8221;][vc_mad_info_block_item icon=&#8221;licon-baby2&#8243; title=&#8221;Ber\u00e7\u00e1rio&#8221; icon_color=&#8221;#ffffff&#8221; title_item_color=&#8221;#ffffff&#8221;][\/vc_mad_info_block_item][vc_mad_info_block_item icon=&#8221;licon-dice&#8221; title=&#8221;Brinquedoteca&#8221; icon_color=&#8221;#ffffff&#8221; title_item_color=&#8221;#ffffff&#8221;][\/vc_mad_info_block_item][vc_mad_info_block_item icon=&#8221;licon-pencil3&#8243; title=&#8221;Recanto das Artes&#8221; icon_color=&#8221;#ffffff&#8221; title_item_color=&#8221;#ffffff&#8221;][\/vc_mad_info_block_item][\/vc_mad_info_block][vc_mad_info_block tag_title=&#8221;h2&#8243; columns=&#8221;3&#8243; title_color=&#8221;#ffffff&#8221; description_color=&#8221;#ffffff&#8221;][vc_mad_info_block_item icon=&#8221;licon-book&#8221; title=&#8221;Biblioteca&#8221; icon_color=&#8221;#ffffff&#8221; title_item_color=&#8221;#ffffff&#8221;][\/vc_mad_info_block_item][vc_mad_info_block_item icon=&#8221;licon-basketball&#8221; title=&#8221;Campinho Futebol&#8221; icon_color=&#8221;#ffffff&#8221; title_item_color=&#8221;#ffffff&#8221;][\/vc_mad_info_block_item][vc_mad_info_block_item icon=&#8221;licon-run&#8221; title=&#8221;Parques&#8221; icon_color=&#8221;#ffffff&#8221; title_item_color=&#8221;#ffffff&#8221;][\/vc_mad_info_block_item][\/vc_mad_info_block][vc_mad_info_block tag_title=&#8221;h2&#8243; columns=&#8221;3&#8243; title_color=&#8221;#ffffff&#8221; description_color=&#8221;#ffffff&#8221;][vc_mad_info_block_item icon=&#8221;licon-citrus&#8221; title=&#8221;Horta, Pomar e Jardins&#8221; icon_color=&#8221;#ffffff&#8221; title_item_color=&#8221;#ffffff&#8221;][\/vc_mad_info_block_item][vc_mad_info_block_item icon=&#8221;licon-network&#8221; title=&#8221;Sala de Ingl\u00eas&#8221; icon_color=&#8221;#ffffff&#8221; title_item_color=&#8221;#ffffff&#8221;][\/vc_mad_info_block_item][vc_mad_info_block_item icon=&#8221;licon-book2&#8243; title=&#8221;Hora do Conto&#8221; icon_color=&#8221;#ffffff&#8221; title_item_color=&#8221;#ffffff&#8221;][\/vc_mad_info_block_item][\/vc_mad_info_block][\/vc_column][vc_column][\/vc_column][vc_column][\/vc_column][\/vc_row][vc_row full_width=&#8221;stretch_row&#8221; css=&#8221;.vc_custom_1513249637521{padding-top: 90px !important;padding-bottom: 90px !important;background: #ffbd0a url(https:\/\/www.escolabaronesa.com.br\/site\/wp-content\/uploads\/2017\/08\/1920x211_bg-2.png?id=765) !important;}&#8221;][vc_column][vc_custom_heading text=&#8221;Por que n\u00f3s ?&#8221; font_container=&#8221;tag:h2|text_align:center|color:%23ffffff&#8221;][vc_single_image image=&#8221;3791&#8243; img_size=&#8221;180&#215;184&#8243; alignment=&#8221;center&#8221; css=&#8221;.vc_custom_1644426326316{padding-bottom: 0px !important;}&#8221;][vc_column_text css=&#8221;.vc_custom_1541703415028{padding-top: 0px !important;}&#8221;]<\/p>\n<p style=\"text-align: center;\">Escola autorizada pela portaria SME 52\/2010<\/p>\n<p>[\/vc_column_text][\/vc_column][vc_column width=&#8221;1\/4&#8243;][vc_custom_heading text=&#8221;Escola regularizada junto a Secretaria Municipal de Educa\u00e7\u00e3o!&#8221; font_container=&#8221;tag:h4|text_align:left|color:%23ffffff&#8221;][\/vc_column][vc_column width=&#8221;1\/4&#8243;][vc_custom_heading text=&#8221;Experi\u00eancia de 47 anos de Hist\u00f3ria e Inova\u00e7\u00e3o na Educa\u00e7\u00e3o Infantil&#8221; font_container=&#8221;tag:h4|text_align:left|color:%23ffffff&#8221;][\/vc_column][vc_column width=&#8221;1\/4&#8243;][vc_custom_heading text=&#8221;Espa\u00e7o com mais de 1300m\u00b2 de constru\u00e7\u00e3o e lazer.&#8221; font_container=&#8221;tag:h4|text_align:left|color:%23ffffff&#8221;][\/vc_column][vc_column width=&#8221;1\/4&#8243;][vc_custom_heading text=&#8221;Hor\u00e1rios flex\u00edveis<\/p>\n<p>Sistema de monitoramento e seguran\u00e7a com c\u00e2meras em todos os ambientes.&#8221; font_container=&#8221;tag:h4|text_align:left|color:%23ffffff&#8221;][\/vc_column][\/vc_row][vc_row css=&#8221;.vc_custom_1511001651811{padding-top: 50px !important;padding-bottom: 50px !important;}&#8221;][vc_column][vc_mad_cta h2=&#8221;AGENDE UMA VISITA&#8221; p=&#8221;Venha se surpreender com nossos diferenciais!&#8221; add=&#8221;button&#8221; add_second_button=&#8221;1&#8243; custom_text=&#8221;#666666&#8243; subheading_text=&#8221;#666666&#8243; link=&#8221;url:http%3A%2F%2Fwww.escolabaronesa.com.br%2Fsite%2Fcontato%2F|title:Saiba%20%2B|target:%20_blank|&#8221; custom_button_color=&#8221;#ffffff&#8221; second_link=&#8221;(19) 3242-5202 &#8211; (19) 99700 7009&#8243; second_link_title=&#8221;Tel&#8221;][\/vc_column][\/vc_row][vc_row][vc_column width=&#8221;1\/2&#8243;][\/vc_column][vc_column width=&#8221;1\/2&#8243;][\/vc_column][\/vc_row]<\/p>\n","protected":false},"excerpt":{"rendered":"<p>[vc_row full_width=&#8221;stretch_row_content_no_spaces&#8221;][vc_column][vc_single_image image=&#8221;3799&#8243; img_size=&#8221;full&#8221; alignment=&#8221;center&#8221;][vc_empty_space][\/vc_column][\/vc_row][vc_row][vc_column][vc_column_text][\/vc_column_text][\/vc_column][\/vc_row][vc_row css=&#8221;.vc_custom_1617664259275{margin-top: 0px !important;margin-bottom: 0px !important;padding-top: 0px !important;padding-bottom: 0px !important;}&#8221; el_class=&#8221;https:\/\/www.escolabaronesa.com.br\/site\/proposta-pedagogica\/&#8221;][vc_column css=&#8221;.vc_custom_1612209589962{margin-top: -100px !important;}&#8221; el_class=&#8221;https:\/\/www.escolabaronesa.com.br\/site\/proposta-pedagogica\/&#8221;][vc_mad_welcome_list values=&#8221;%5B%7B%22image%22%3A%223607%22%2C%22label%22%3A%22Proposta%20Pedag%C3%B3gica%22%2C%22link%22%3A%22url%3Ahttp%253A%252F%252Fwww.escolabaronesa.com.br%252Fsite%252Fproposta-pedagogica%252F%7Ctitle%3ASaiba%2520%252B%7C%7C%22%2C%22value%22%3A%22A%20linha%20metodol%C3%B3gica%20seguida%20pela%20Baronesa%20%C3%A9%20a%20Metodologia%20de%20Ensino%20Sociointeracionista%2C%20tendo%20como%20embasamento%20te%C3%B3rico%20as%20ideias%20de%20Piaget%2C%20Vygotsky%20e%20Wallon.%22%2C%22bg_color%22%3A%22%23ffbd0a%22%2C%22icon%22%3A%22licon-baby-bottle%22%7D%2C%7B%22image%22%3A%223700%22%2C%22label%22%3A%22Programa%20Bil%C3%ADngue%22%2C%22link%22%3A%22url%3Ahttp%253A%252F%252Fwww.escolabaronesa.com.br%252Fsite%252Fprograma-bilingue%252F%7Ctitle%3ASaiba%2520%252B%22%2C%22value%22%3A%22Aulas%20de%20Ingl%C3%AAs%20todos%20os%20dias!%22%2C%22bg_color%22%3A%22%23f05a21%22%2C%22icon_color%22%3A%22%23ee511e%22%2C%22icon%22%3A%22licon-graduation-hat%22%7D%5D&#8221;][vc_mad_welcome_list values=&#8221;%5B%7B%22image%22%3A%223617%22%2C%22label%22%3A%22Educa%C3%A7%C3%A3o%20Ambiental%22%2C%22link%22%3A%22url%3Ahttp%253A%252F%252Fwww.escolabaronesa.com.br%252Fsite%252Feducacao-ambiental%252F%7Ctitle%3ASaiba%2520%252B%7C%7C%22%2C%22value%22%3A%22Nosso%20projeto%20ensina%20desde%20cedo%20o%20passo%20a%20passo%20para%20que%20as%20crian%C3%A7as%20se%20tornem%20cidad%C3%A3os%20focados%20na%20preserva%C3%A7%C3%A3o%20ambiental.%22%2C%22bg_color%22%3A%22%23a6c437%22%2C%22icon_color%22%3A%22%239bbc31%22%2C%22icon%22%3A%22licon-platter%22%7D%2C%7B%22image%22%3A%223769%22%2C%22label%22%3A%22Baronesa%20Baby%22%2C%22link%22%3A%22url%3Ahttp%253A%252F%252Fwww.escolabaronesa.com.br%252Fsite%252Fbercario%252F%7Ctitle%3ASaiba%2520%252B%22%2C%22value%22%3A%22Nosso%20Ber%C3%A7%C3%A1rio%20possui%20um%20espa%C3%A7o%20exclusivo%20para%20o%20desenvolvimento%20dos%20beb%C3%AAs.%22%2C%22bg_color%22%3A%22%230da9dd%22%2C%22icon_color%22%3A%22%230da9dd%22%2C%22icon%22%3A%22licon-graduation-hat%22%7D%5D&#8221;][\/vc_column][\/vc_row][vc_row css=&#8221;.vc_custom_1511011361412{padding-top: 90px !important;padding-bottom: 70px !important;}&#8221;][vc_column width=&#8221;1\/2&#8243; offset=&#8221;vc_col-lg-8 vc_col-md-12 vc_col-xs-12&#8243;][vc_column_text css=&#8221;.vc_custom_1617659404812{margin-bottom: 25px !important;padding-bottom: 0px !important;}&#8221;] Hist\u00f3ria [\/vc_column_text][vc_column_text css=&#8221;.vc_custom_1617659462108{margin-bottom: 50px !important;padding-bottom: 0px !important;}&#8221;]&#8221;Eu sou Rosemaria Zardo, diretora e mantenedora da Escola Recanto Infantil Baronesa, tenho imenso [&hellip;]<\/p>\n","protected":false},"author":1,"featured_media":0,"parent":0,"menu_order":0,"comment_status":"closed","ping_status":"closed","template":"","meta":{"footnotes":""},"class_list":["post-882","page","type-page","status-publish","hentry"],"_links":{"self":[{"href":"https:\/\/www.escolabaronesa.com.br\/site\/wp-json\/wp\/v2\/pages\/882","targetHints":{"allow":["GET"]}}],"collection":[{"href":"https:\/\/www.escolabaronesa.com.br\/site\/wp-json\/wp\/v2\/pages"}],"about":[{"href":"https:\/\/www.escolabaronesa.com.br\/site\/wp-json\/wp\/v2\/types\/page"}],"author":[{"embeddable":true,"href":"https:\/\/www.escolabaronesa.com.br\/site\/wp-json\/wp\/v2\/users\/1"}],"replies":[{"embeddable":true,"href":"https:\/\/www.escolabaronesa.com.br\/site\/wp-json\/wp\/v2\/comments?post=882"}],"version-history":[{"count":155,"href":"https:\/\/www.escolabaronesa.com.br\/site\/wp-json\/wp\/v2\/pages\/882\/revisions"}],"predecessor-version":[{"id":3800,"href":"https:\/\/www.escolabaronesa.com.br\/site\/wp-json\/wp\/v2\/pages\/882\/revisions\/3800"}],"wp:attachment":[{"href":"https:\/\/www.escolabaronesa.com.br\/site\/wp-json\/wp\/v2\/media?parent=882"}],"curies":[{"name":"wp","href":"https:\/\/api.w.org\/{rel}","templated":true}]}}