{"id":3587,"date":"2021-03-29T19:18:04","date_gmt":"2021-03-29T22:18:04","guid":{"rendered":"https:\/\/www.escolabaronesa.com.br\/site\/?page_id=3587"},"modified":"2022-02-09T14:17:03","modified_gmt":"2022-02-09T17:17:03","slug":"estrutura","status":"publish","type":"page","link":"https:\/\/www.escolabaronesa.com.br\/site\/estrutura\/","title":{"rendered":"Estrutura"},"content":{"rendered":"<p>[vc_row][vc_column][vc_column_text]Possu\u00edmos uma estrutura privilegiada, de f\u00e1cil acesso, em um dos melhores bairros da regi\u00e3o. \u00c1rea livre com mais de 1300m\u00b2 repleto de jardins e \u00e1reas verdes.[\/vc_column_text][vc_mad_services_list values=&#8221;%5B%7B%22image%22%3A%223778%22%2C%22label%22%3A%22Ber%C3%A7%C3%A1rio%22%7D%2C%7B%22image%22%3A%223595%22%2C%22label%22%3A%22Espa%C3%A7o%20Higiene%22%7D%2C%7B%22image%22%3A%223596%22%2C%22label%22%3A%22Sala%20do%20Soninho%22%7D%2C%7B%22image%22%3A%223597%22%2C%22label%22%3A%22Espa%C3%A7o%20Alimenta%C3%A7%C3%A3o%22%7D%2C%7B%22image%22%3A%223784%22%2C%22label%22%3A%22Espa%C3%A7o%20Amamenta%C3%A7%C3%A3o%22%7D%2C%7B%22image%22%3A%223793%22%2C%22label%22%3A%22Brinquedoteca%22%7D%2C%7B%22image%22%3A%223688%22%2C%22label%22%3A%22Recanto%20das%20Artes%22%7D%2C%7B%22image%22%3A%223794%22%2C%22label%22%3A%22Biblioteca%22%7D%2C%7B%22image%22%3A%223603%22%2C%22label%22%3A%22Sala%20Psicomotricidade%22%7D%2C%7B%22image%22%3A%223780%22%2C%22label%22%3A%22Sala%20de%20Estimula%C3%A7%C3%A3o%22%7D%2C%7B%22image%22%3A%223781%22%2C%22label%22%3A%22Parque%20I%22%7D%2C%7B%22image%22%3A%223624%22%2C%22label%22%3A%22Parque%20II%22%7D%2C%7B%22image%22%3A%223608%22%2C%22label%22%3A%22Horta%20e%20Pomar%22%7D%2C%7B%22image%22%3A%223626%22%2C%22label%22%3A%22English%20Room%20(Sala%20de%20Ingl%C3%AAs)%22%7D%2C%7B%22image%22%3A%223620%22%2C%22label%22%3A%22Campinho%20de%20Futebol%22%7D%2C%7B%22image%22%3A%223783%22%2C%22label%22%3A%22Recep%C3%A7%C3%A3o%22%7D%2C%7B%22image%22%3A%223530%22%2C%22label%22%3A%22Jardins%22%7D%2C%7B%22image%22%3A%223773%22%2C%22label%22%3A%22Sala%20de%20Arte%20e%20Culin%C3%A1ria%22%7D%2C%7B%22image%22%3A%223796%22%2C%22label%22%3A%22Sala%20de%20Jogos%20e%20Reuni%C3%B5es%22%7D%2C%7B%22image%22%3A%223797%22%2C%22label%22%3A%22Sala%20de%20M%C3%BAsica%22%7D%5D&#8221; title_align=&#8221;align-center&#8221; columns=&#8221;fx-col-3&#8243;][\/vc_column][\/vc_row]<\/p>\n","protected":false},"excerpt":{"rendered":"<p>[vc_row][vc_column][vc_column_text]Possu\u00edmos uma estrutura privilegiada, de f\u00e1cil acesso, em um dos melhores bairros da regi\u00e3o. \u00c1rea livre com mais de 1300m\u00b2 repleto de jardins e \u00e1reas verdes.[\/vc_column_text][vc_mad_services_list values=&#8221;%5B%7B%22image%22%3A%223778%22%2C%22label%22%3A%22Ber%C3%A7%C3%A1rio%22%7D%2C%7B%22image%22%3A%223595%22%2C%22label%22%3A%22Espa%C3%A7o%20Higiene%22%7D%2C%7B%22image%22%3A%223596%22%2C%22label%22%3A%22Sala%20do%20Soninho%22%7D%2C%7B%22image%22%3A%223597%22%2C%22label%22%3A%22Espa%C3%A7o%20Alimenta%C3%A7%C3%A3o%22%7D%2C%7B%22image%22%3A%223784%22%2C%22label%22%3A%22Espa%C3%A7o%20Amamenta%C3%A7%C3%A3o%22%7D%2C%7B%22image%22%3A%223793%22%2C%22label%22%3A%22Brinquedoteca%22%7D%2C%7B%22image%22%3A%223688%22%2C%22label%22%3A%22Recanto%20das%20Artes%22%7D%2C%7B%22image%22%3A%223794%22%2C%22label%22%3A%22Biblioteca%22%7D%2C%7B%22image%22%3A%223603%22%2C%22label%22%3A%22Sala%20Psicomotricidade%22%7D%2C%7B%22image%22%3A%223780%22%2C%22label%22%3A%22Sala%20de%20Estimula%C3%A7%C3%A3o%22%7D%2C%7B%22image%22%3A%223781%22%2C%22label%22%3A%22Parque%20I%22%7D%2C%7B%22image%22%3A%223624%22%2C%22label%22%3A%22Parque%20II%22%7D%2C%7B%22image%22%3A%223608%22%2C%22label%22%3A%22Horta%20e%20Pomar%22%7D%2C%7B%22image%22%3A%223626%22%2C%22label%22%3A%22English%20Room%20(Sala%20de%20Ingl%C3%AAs)%22%7D%2C%7B%22image%22%3A%223620%22%2C%22label%22%3A%22Campinho%20de%20Futebol%22%7D%2C%7B%22image%22%3A%223783%22%2C%22label%22%3A%22Recep%C3%A7%C3%A3o%22%7D%2C%7B%22image%22%3A%223530%22%2C%22label%22%3A%22Jardins%22%7D%2C%7B%22image%22%3A%223773%22%2C%22label%22%3A%22Sala%20de%20Arte%20e%20Culin%C3%A1ria%22%7D%2C%7B%22image%22%3A%223796%22%2C%22label%22%3A%22Sala%20de%20Jogos%20e%20Reuni%C3%B5es%22%7D%2C%7B%22image%22%3A%223797%22%2C%22label%22%3A%22Sala%20de%20M%C3%BAsica%22%7D%5D&#8221; title_align=&#8221;align-center&#8221; columns=&#8221;fx-col-3&#8243;][\/vc_column][\/vc_row]<\/p>\n","protected":false},"author":1,"featured_media":0,"parent":0,"menu_order":0,"comment_status":"closed","ping_status":"closed","template":"","meta":{"footnotes":""},"class_list":["post-3587","page","type-page","status-publish","hentry"],"_links":{"self":[{"href":"https:\/\/www.escolabaronesa.com.br\/site\/wp-json\/wp\/v2\/pages\/3587","targetHints":{"allow":["GET"]}}],"collection":[{"href":"https:\/\/www.escolabaronesa.com.br\/site\/wp-json\/wp\/v2\/pages"}],"about":[{"href":"https:\/\/www.escolabaronesa.com.br\/site\/wp-json\/wp\/v2\/types\/page"}],"author":[{"embeddable":true,"href":"https:\/\/www.escolabaronesa.com.br\/site\/wp-json\/wp\/v2\/users\/1"}],"replies":[{"embeddable":true,"href":"https:\/\/www.escolabaronesa.com.br\/site\/wp-json\/wp\/v2\/comments?post=3587"}],"version-history":[{"count":22,"href":"https:\/\/www.escolabaronesa.com.br\/site\/wp-json\/wp\/v2\/pages\/3587\/revisions"}],"predecessor-version":[{"id":3798,"href":"https:\/\/www.escolabaronesa.com.br\/site\/wp-json\/wp\/v2\/pages\/3587\/revisions\/3798"}],"wp:attachment":[{"href":"https:\/\/www.escolabaronesa.com.br\/site\/wp-json\/wp\/v2\/media?parent=3587"}],"curies":[{"name":"wp","href":"https:\/\/api.w.org\/{rel}","templated":true}]}}